 103*j. What is the units digit of j?
5
Let h be 9/(-6)*20/(-6). Suppose -79 = -5*w + h*g - 29, 5*g = 4*w - 40. Suppose -3*s - 5*a - 19 = 0, 1 = -2*s - 3*a - w. What is the units digit of s?
2
Let i(h) = h**2 + 2*h. Let j be i(-3). What is the tens digit of ((-2)/j)/(26/(-585))?
1
Let b(k) = -k**3 - k**2 + 8. Let x be b(0). Suppose -a + 2 = -1. Suppose -2*h - a*l = -x, -8*l + 3*l = -2*h - 8. What is the units digit of h?
1
Let n = -136 - -151. What is the tens digit of n?
1
Let n(g) = -g**3 - 7*g**2 - 7*g - 2. Let v be n(-6). Suppose 0*x + 3*x - 79 = -v*p, -5*x = -3*p + 52. What is the units digit of p?
9
What is the units digit of (-2 + 5)/(4/124)?
3
Suppose s = -4*s + 385. What is the units digit of s?
7
Let c be -2*-3*1/(-2). Let r = c + 6. What is the units digit of (r/(-9))/((-3)/27)?
3
Let n(k) = -2*k - 17. What is the units digit of n(-15)?
3
Let k(z) = -z**3 - z**2 + 2*z - 1. What is the tens digit of k(-3)?
1
Let c be 0 - -1 - (-3 + 0). Suppose -25 = p + 3*p - 5*h, -c*h + 20 = p. Suppose p = -2*q + 4*m + 60, -2*m + 5*m = -2*q + 25. What is the tens digit of q?
2
Let k = 261 + -115. What is the tens digit of k?
4
What is the units digit of ((-63)/(-15))/((-1)/(-15))?
3
Let h = 65 + -28. What is the tens digit of h?
3
What is the tens digit of 2/(-5) - (-2)/((-30)/(-801))?
5
What is the units digit of ((-1330)/(4 - -1))/(-2*1)?
3
Let t = 3 + -7. Let h be 0/(1*-2) + t. What is the units digit of 2 + -1 + 5 + h?
2
Let u be (-1)/(-3) - 262/3. Let m = -52 - u. What is the tens digit of m?
3
Suppose -p + 1 + 3 = 0, 0 = 3*m + 4*p - 10. What is the tens digit of m/(-6) - 70/(-6)?
1
Let o(m) be the first derivative of 4*m**3/3 - m**2/2 - m - 1. Let t = 5 - 6. What is the units digit of o(t)?
4
What is the hundreds digit of (-44)/3*10/(-4)*3?
1
What is the tens digit of (130/15)/(4/6)?
1
Let u = -112 - -39. Let p = u - -111. Suppose 2*w + 17 = m, 5*m - p = 2*w + 7. What is the units digit of m?
7
Suppose -2*k = t - 41, 0 = 4*t - 4*k - k - 138. Suppose 5*x - 118 - t = 0. What is the units digit of x?
1
Let b(s) = -s**3 - 3*s - 2. Let x = -23 + 21. What is the tens digit of b(x)?
1
Let n = 74 + -34. What is the units digit of (33/5)/(8/n)?
3
Let u = -45 - -64. What is the units digit of u?
9
Let c(r) = 2*r**2 - 4*r - 6. Let o be c(4). Let x(p) = -p**3 + 11*p**2 - 7*p - 10. What is the tens digit of x(o)?
2
Suppose 5*w + 5*l = -40, -2*w + 0*l - l = 18. Let b be (-24)/(-16) - w/(-4). What is the units digit of (-3 + 2)/(b/3)?
3
Let a(o) = 3*o. Let z = -4 - -3. Let l = z + 2. What is the units digit of a(l)?
3
Suppose -4 = -j - 2. Suppose j*n = 4*m + 1 + 21, -m - 1 = n. Suppose n*k - 15 = -6. What is the units digit of k?
3
Suppose n - 10 - 23 = 0. What is the units digit of n?
3
Suppose -4*u + 1 = 5*h, 4 = 4*u - 0*u + 4*h. Suppose -u - 5 = -3*b. What is the units digit of b?
3
Let k(w) = w**2 + 7*w - 2. Let i be k(-8). Suppose q - 5 - i = 0. What is the units digit of q?
1
Let x = -25 + 29. What is the units digit of x?
4
Let u(q) = -9*q - 6. What is the units digit of u(-5)?
9
Suppose -6 + 11 = d. Suppose -d*z - 3*w = -30, -4*w = w. What is the units digit of z?
6
Let j be 1/(2/(-192)*3). Let c = j + 59. What is the units digit of c?
7
Suppose 0 = -2*j + 2*u - 20, 5*u + 4 = -2*j + 3*u. Let l(q) = 8*q - 4*q - 4 - 6*q. What is the units digit of l(j)?
8
What is the hundreds digit of 63/(-105) + 1358/5?
2
Let y = 12 + -10. Suppose 4 = -y*g - 6, 0 = 2*b - 2*g - 34. What is the tens digit of b?
1
Let g be (-3)/2*(-8)/3. Let x(j) = 2*j**2 - 6*j + 4. What is the tens digit of x(g)?
1
Suppose -2*t = -5*i - 86, 5*t - 338 = 2*i - 123. What is the units digit of t?
3
Let r be -10*(-3)/6*1. Let k(i) = 2*i - r*i + i + i**2 - 1. What is the units digit of k(-2)?
7
Let z(b) = b**2 + 7*b + 6. Let o be z(-4). Let p = o - -15. What is the units digit of p?
9
Let t(c) = -5*c + 13. Let o be t(6). Let g = -12 - o. What is the units digit of g?
5
Let m(i) = i**3 + 6*i**2 + 3*i - 1. What is the units digit of m(-5)?
9
Suppose 0*l - l + 299 = 4*p, -3*p = l - 225. What is the units digit of p?
4
Suppose 2*n - 5 + 3 = 0. Let a(l) = l**3 + l**2 - 1. What is the units digit of a(n)?
1
Suppose 4*s - 3*y = -4*y + 1, 3*s + 3*y = -6. Suppose -3*v = -2 - s. What is the units digit of v?
1
Suppose 5*g + 0 + 5 = 0. Let q be (-2)/g + -2 - -2. What is the units digit of q + 0 - -1*5?
7
Let v = -98 + 200. What is the hundreds digit of v?
1
Suppose 2*d - 5*d = -126. Suppose -4*f + f = -d. Suppose 7 = 3*c - f. What is the units digit of c?
7
Let c = -3 - -6. Suppose o - 5 - 1 = -l, 0 = 2*l + c*o - 13. Suppose 0 = 3*u - l - 1. What is the units digit of u?
2
Suppose -2*n + 203 = -235. What is the units digit of n?
9
Suppose -15 = 3*c, 3*l - 2*c - 138 = 97. What is the tens digit of l?
7
Let w(x) = -2*x**2 - 14*x + 15. Let i(m) = 3*m**2 + 21*m - 23. Let c(d) = 5*i(d) + 7*w(d). What is the units digit of c(-9)?
8
Suppose 5*s = 4*v + 192, -s + 111 = 2*s - v. What is the tens digit of s?
3
Let y(f) = f**2. Suppose 6 = 2*p - 5*p. Let q be -1*2/(p/1). What is the units digit of y(q)?
1
Let g(w) = 8*w - 25. Let v(c) = 2*c - 6. Let i(b) = -2*g(b) + 9*v(b). What is the units digit of i(9)?
4
Let s(b) = 5*b**2 + 5*b - 3. Let i be s(-4). Let l = 82 - i. What is the tens digit of l?
2
Suppose 2*c = -2*w + 6, 2*c - 9 = -5*w + 4*w. Let z = 13 - c. Suppose 2 = -b + z. What is the units digit of b?
5
Suppose 3*c - 15 = 0, 0 = -4*o - 4*c - 0*c + 28. Suppose -10 - 20 = -o*w. What is the units digit of w?
5
Let c(s) = -5*s**2 - 2*s - 7*s + 0*s + 12 + 4*s**2. What is the tens digit of c(-9)?
1
Let u(r) = r**2 - 5*r + 6. Let i be u(5). Let c be (-1 + 7)*(-8)/i. Let o = -4 - c. What is the units digit of o?
4
Suppose -2*u = -5*l, l = 3*l + 3*u. Suppose 0 = 2*h + n + 2, 0 = -l*h + 5*h + 4*n + 8. Suppose 3*y = -2*x - h - 1, -x - 6 = -4*y. What is the units digit of y?
1
Suppose 3*d + 5*w = -96, -3*w = -d - w - 43. Let t = d - -56. What is the tens digit of t?
1
Let r(c) = 0*c - 1 - 2*c + 7. What is the tens digit of r(-10)?
2
What is the tens digit of (-2)/(-8) + 102/8?
1
What is the units digit of 14/2 - (-7 + 7)?
7
Suppose 3*f - 2*f = -4*s + 22, -f = -5*s - 67. Suppose 2*k = 3*z - f, -3*z + 5*k - 1 = -52. What is the tens digit of z?
1
Suppose 3*g = 2*g + 6. Let r = 35 + -32. What is the units digit of (-5 + r)/g*-3?
1
Let j be (1 - 0) + 0 + -4. Let t be (j + 2 + 1)/(-2). What is the units digit of (6/4 + t)*2?
3
Let a(p) = -8 + 2 + 4*p + 26. What is the units digit of a(7)?
8
Let o be (0 - 3)/((-6)/14). Let f = o - 2. What is the units digit of f?
5
Let o be (-9)/6*(-20)/6. Suppose -2*q + b + 1 - 9 = 0, -3*q - 12 = -o*b. What is the units digit of (-5)/(-2)*q/(-5)?
2
Let l(p) = p**3 - 3*p**2 - 4*p + 1. Let w be 3 - 2/(2 + -4). What is the units digit of l(w)?
1
What is the units digit of 2/(-8) - 122/(-8)?
5
Let j = -1 - -1. Let i(h) = -4*h**3 + 3*h**2 - 3*h - 24. Let f(o) = -o**3 + o**2 - o - 8. Let v(m) = -7*f(m) + 2*i(m). What is the units digit of v(j)?
8
Let o = -19 + 24. Let v = o - -5. What is the tens digit of v?
1
What is the units digit of (0 - 2)*(-19)/2?
9
Suppose 0*z - 55 = -3*z + 4*t, -2*z = 5*t - 6. What is the units digit of z?
3
Suppose -702 = 20*o - 23*o. What is the tens digit of o?
3
Suppose 102 = 4*i + v - 19, 5*i + 2*v = 149. What is the units digit of i?
1
Let y = 35 - -157. What is the units digit of y?
2
Let t = 38 - -22. Let s = -36 + t. What is the tens digit of s?
2
Let d = 2 + -2. Suppose d = -4*r + 6*r - 104. What is the tens digit of r?
5
Let d(x) = 4*x - 7. Suppose -3*y - 9 = 0, -12 - 6 = -k + 4*y. Let r be d(k). Let m = r + -9. What is the units digit of m?
8
Suppose 122 + 40 = 3*k. What is the units digit of k?
4
Let h(t) = -t**3 + 6*t**2 + t + 1. Let f be h(6). Suppose -5*a - 4 = -f*a. Let r(c) = 2*c**2 - 3*c. What is the units digit of r(a)?
2
Suppose 0 = 6*l + 88 - 400. What is the tens digit of (l + -2)*(-3 + 4)?
5
Let h = 170 - 66. Suppose -2*v = -x + 19, -4*x + 3*v = 18 - h. What is the tens digit of x?
2
Let k(b) = b**2 + 1. Let x be k(-2). Suppose 28 = u + 3*v, -200 = -4*u - u + x*v. What is the units digit of u?
7
Suppose -d = 3*d + 3*t - 1106, 0 = 3*d + 3*t - 828. What is the hundreds digit of d?
2
Let q(t) = 2*t**3 - 2*t**2 + 4*t - 2. Let x be q(2). Suppose 5*